{"id":2,"date":"2025-02-03T13:48:24","date_gmt":"2025-02-03T12:48:24","guid":{"rendered":"http:\/\/alojzybystron.edu.pl\/?page_id=2"},"modified":"2025-02-03T18:02:43","modified_gmt":"2025-02-03T17:02:43","slug":"przykladowa-strona","status":"publish","type":"page","link":"http:\/\/alojzybystron.edu.pl\/","title":{"rendered":"Bio"},"content":{"rendered":"\n<p>Alojzy Bystro\u0144 studiowa\u0142 w Zespole Szk\u00f3\u0142 Plastycznych im. Antoniego Kenara w Zakopanem. Nast\u0119pnie studiowa\u0142 w Akademii Sztuk Pi\u0119knych w Warszawie na Wydziale Rze\u017aby. Dyplom obroni\u0142 w pracowni Mariana Wnuka, \u00f3wczesnego rektora Akademii. Od tego czasu tworzy\u0142 i mieszka\u0142 w Warszawie.<\/p>\n\n\n\n<p><\/p>\n\n\n\n<p><strong>Studia:<\/strong><br>1951-55 \u2013 Zesp\u00f3\u0142 Szk\u00f3\u0142 Plastycznych im. Antoniego Kenara w Zakopanem<br>1955-61 \u2013 Akademia Sztuk Pi\u0119knych w Warszawa, Wydzia\u0142 Rze\u017aby<br>1962 \u2013 dyplom w pracowni Mariana Wnuka, \u00f3wczesnego rektora Akademii<\/p>\n\n\n\n<p>Tw\u00f3rczo\u015b\u0107 i dzia\u0142alno\u015b\u0107:<br>rze\u017aba kameralna (drewno), meble-rze\u017aby (drewno), medalierstwo (br\u0105z)<\/p>\n\n\n\n<p><\/p>\n\n\n\n<p><strong>Wystawy zbiorowe:<\/strong><br>1961 I Debiut Absolwent\u00f3w ASP, TPSP<br>1963 Wystawa rze\u017ab i tkanin Okr\u0119gu Warszawskiego ZPAP, Warszawa, Zach\u0119ta<br>1964 Warszawa w Sztuce, Warszawa, Zach\u0119ta<br>1964 III Wystawa Wsp\u00f3\u0142czesnej Sztuki Religijnej w Polsce, Wroc\u0142aw<br>1966 I Festiwal Sztuk Pi\u0119knych, Muz. WP<\/p>\n\n\n\n<p><\/p>\n\n\n\n<p><\/p>\n\n\n\n<p class=\"is-style-default has-ti-fg-alt-background-color has-background\">Drugim typem mebli, kt\u00f3re w swoisty spos\u00f3b przetwarzaj\u0105 tradycyjne warto\u015bci, s\u0105 tzw. meble-rze\u017aby. S\u0105 to meble unikaty, w istocie indywidualne dzie\u0142a sztuki z zastosowaniem p\u0142askorze\u017aby przedstawiaj\u0105cej sceny rodzajowe, charakterystyczne postacie z historii, legend itp. Nie powtarzaj\u0105c kszta\u0142t\u00f3w z przesz\u0142o\u015bci stanowi\u0105 dzie\u0142a s\u0142u\u017c\u0105ce we wsp\u00f3\u0142czesnym wn\u0119trzu jako siedziska, sto\u0142y, skrzynie. Meble te projektuj\u0105 i wykonuj\u0105 arty\u015bci plastycy, zw\u0142aszcza absolwenci szko\u0142y im. Kenara, jak na przyk\u0142ad (\u2026) Alojzy Bystro\u0144.<\/p>\n\n\n\n<p><\/p>\n\n\n\n<p>Tadeusz Wi\u0119ckowski, <em>Gin\u0105ce pi\u0119kno<\/em>, CZS Wydawnictwo Sp\u00f3\u0142dzielcze,<\/p>\n\n\n\n<p>Warszawa 1987, s. 112<\/p>\n\n\n\n<p><\/p>\n\n\n\n<p><\/p>\n\n\n\n<p style=\"font-size:14px\">Bibliografia:<\/p>\n\n\n\n<p style=\"font-size:14px\">KATALOG, Warszawa w sztuce, wrzesie\u0144 1964, Warszawa: CBWA 1964.<\/p>\n\n\n\n<p style=\"font-size:14px\">Znak Miesi\u0119cznik, Sztuka Sakralana, Krak\u00f3w, Grudzie\u0144 (12) 1964<\/p>\n\n\n\n<p class=\"is-style-default\" style=\"font-size:14px\">S\u0142ownik artyst\u00f3w plastyk\u00f3w; arty\u015bci plastycy okr\u0119gu Warszawskiego ZPAP, 1945-1970. S\u0142ownik biograficzny<br>Zwi\u0105zek Polskich Artyst\u00f3w Plastyk\u00f3w. Okr\u0119g Warszawski &#8211; 1972 &#8211; Liczba stron: 724<br>Maria Serafi\u0144ska, Warszawa, Okr\u0119g Warszawski ZPAP, 1972.<\/p>\n","protected":false},"excerpt":{"rendered":"<p>Alojzy Bystro\u0144 studiowa\u0142 w Zespole Szk\u00f3\u0142 Plastycznych im. Antoniego Kenara w Zakopanem. Nast\u0119pnie studiowa\u0142 w Akademii Sztuk Pi\u0119knych w Warszawie na Wydziale Rze\u017aby. Dyplom obroni\u0142 w pracowni Mariana Wnuka, \u00f3wczesnego rektora Akademii. Od tego czasu tworzy\u0142 i mieszka\u0142 w Warszawie. Studia:1951-55 \u2013 Zesp\u00f3\u0142 Szk\u00f3\u0142 Plastycznych im. Antoniego Kenara w Zakopanem1955-61 \u2013 Akademia Sztuk Pi\u0119knych w [&hellip;]<\/p>\n","protected":false},"author":1,"featured_media":0,"parent":0,"menu_order":0,"comment_status":"closed","ping_status":"open","template":"","meta":{"_coblocks_attr":"","_coblocks_dimensions":"","_coblocks_responsive_height":"","_coblocks_accordion_ie_support":"","footnotes":""},"class_list":["post-2","page","type-page","status-publish","hentry"],"_links":{"self":[{"href":"http:\/\/alojzybystron.edu.pl\/index.php\/wp-json\/wp\/v2\/pages\/2","targetHints":{"allow":["GET"]}}],"collection":[{"href":"http:\/\/alojzybystron.edu.pl\/index.php\/wp-json\/wp\/v2\/pages"}],"about":[{"href":"http:\/\/alojzybystron.edu.pl\/index.php\/wp-json\/wp\/v2\/types\/page"}],"author":[{"embeddable":true,"href":"http:\/\/alojzybystron.edu.pl\/index.php\/wp-json\/wp\/v2\/users\/1"}],"replies":[{"embeddable":true,"href":"http:\/\/alojzybystron.edu.pl\/index.php\/wp-json\/wp\/v2\/comments?post=2"}],"version-history":[{"count":8,"href":"http:\/\/alojzybystron.edu.pl\/index.php\/wp-json\/wp\/v2\/pages\/2\/revisions"}],"predecessor-version":[{"id":49,"href":"http:\/\/alojzybystron.edu.pl\/index.php\/wp-json\/wp\/v2\/pages\/2\/revisions\/49"}],"wp:attachment":[{"href":"http:\/\/alojzybystron.edu.pl\/index.php\/wp-json\/wp\/v2\/media?parent=2"}],"curies":[{"name":"wp","href":"https:\/\/api.w.org\/{rel}","templated":true}]}}